38.107.232.23 - - [15/Aug/2026:06:55:08 +0530] "GET / HTTP/1.1" 200 50774 "-" "Mozilla/5.0 (Windows NT 10.0; Win64; x64) AppleWebKit/537.36 (KHTML, like Gecko) Chrome/120.0.0.0 Safari/537.36" shahsteelindustries.com 119.18.49.21
38.107.232.23 - - [15/Aug/2026:06:55:08 +0530] "GET / HTTP/1.1" 200 50774 "-" "Mozilla/5.0 (Windows NT 10.0; Win64; x64) AppleWebKit/537.36 (KHTML, like Gecko) Chrome/120.0.0.0 Safari/537.36" shahsteelindustries.com 119.18.49.21
192.151.144.210 - - [15/Aug/2026:07:02:33 +0530] "GET /fiu.php HTTP/1.1" 200 6033 "-" "Mozilla/5.0 (Windows NT 10.0; Win64; x64) AppleWebKit/537.36 (KHTML, like Gecko) Chrome/151.0.0.0 Safari/537.36" shahsteelindustries.com 119.18.49.21
192.151.144.210 - - [15/Aug/2026:07:02:32 +0530] "GET /fiu.php HTTP/2.0" 200 6033 "-" "Mozilla/5.0 (Windows NT 10.0; Win64; x64) AppleWebKit/537.36 (KHTML, like Gecko) Chrome/151.0.0.0 Safari/537.36" shahsteelindustries.com 119.18.49.21
119.18.49.21 - - [15/Aug/2026:07:02:36 +0530] "POST /wp-cron.php?doing_wp_cron=1786757556.5877931118011474609375 HTTP/1.1" 200 - "-" "WordPress/7.0.4; https://shahsteelindustries.com" shahsteelindustries.com 119.18.49.21
192.151.144.210 - - [15/Aug/2026:07:02:33 +0530] "GET /favicon.ico HTTP/1.1" 302 - "https://shahsteelindustries.com/fiu.php" "Mozilla/5.0 (Windows NT 10.0; Win64; x64) AppleWebKit/537.36 (KHTML, like Gecko) Chrome/151.0.0.0 Safari/537.36" shahsteelindustries.com 119.18.49.21
192.151.144.210 - - [15/Aug/2026:07:02:33 +0530] "GET /favicon.ico HTTP/2.0" 302 - "https://shahsteelindustries.com/fiu.php" "Mozilla/5.0 (Windows NT 10.0; Win64; x64) AppleWebKit/537.36 (KHTML, like Gecko) Chrome/151.0.0.0 Safari/537.36" shahsteelindustries.com 119.18.49.21
119.18.49.21 - - [15/Aug/2026:07:04:11 +0530] "POST /wp-cron.php?doing_wp_cron=1786757651.6064639091491699218750 HTTP/1.1" 200 - "-" "WordPress/7.0.4; https://shahsteelindustries.com" shahsteelindustries.com 119.18.49.21
43.157.170.13 - - [15/Aug/2026:07:04:09 +0530] "GET / HTTP/1.1" 200 50774 "http://shahsteelindustries.com" "Mozilla/5.0 (iPhone; CPU iPhone OS 13_2_3 like Mac OS X) AppleWebKit/605.1.15 (KHTML, like Gecko) Version/13.0.3 Mobile/15E148 Safari/604.1" shahsteelindustries.com 119.18.49.21
43.157.170.13 - - [15/Aug/2026:07:04:09 +0530] "GET / HTTP/1.1" 200 50774 "http://shahsteelindustries.com" "Mozilla/5.0 (iPhone; CPU iPhone OS 13_2_3 like Mac OS X) AppleWebKit/605.1.15 (KHTML, like Gecko) Version/13.0.3 Mobile/15E148 Safari/604.1" shahsteelindustries.com 119.18.49.21
119.18.49.21 - - [15/Aug/2026:07:08:17 +0530] "POST /wp-cron.php?doing_wp_cron=1786757897.4097599983215332031250 HTTP/1.1" 200 - "-" "WordPress/7.0.4; https://shahsteelindustries.com" shahsteelindustries.com 119.18.49.21
144.124.199.231 - - [15/Aug/2026:07:08:14 +0530] "GET / HTTP/1.1" 200 50774 "https://www.adsandclassifieds.com/api/ads/13379/click" "Mozilla/5.0 (Windows NT 10.0; Win64; x64) AppleWebKit/537.36 (KHTML, like Gecko) Chrome/144.0.0.0 Safari/537.36 Edg/144.0.0.0" shahsteelindustries.com 119.18.49.21
144.124.199.231 - - [15/Aug/2026:07:08:14 +0530] "GET / HTTP/2.0" 200 50774 "https://www.adsandclassifieds.com/api/ads/13379/click" "Mozilla/5.0 (Windows NT 10.0; Win64; x64) AppleWebKit/537.36 (KHTML, like Gecko) Chrome/144.0.0.0 Safari/537.36 Edg/144.0.0.0" shahsteelindustries.com 119.18.49.21
192.151.144.210 - - [15/Aug/2026:07:19:07 +0530] "POST /fiu.php HTTP/2.0" 200 6054 "https://shahsteelindustries.com/fiu.php" "Mozilla/5.0 (Windows NT 10.0; Win64; x64) AppleWebKit/537.36 (KHTML, like Gecko) Chrome/151.0.0.0 Safari/537.36" shahsteelindustries.com 119.18.49.21
192.151.144.210 - - [15/Aug/2026:07:19:22 +0530] "GET /index.php/?params HTTP/1.1" 200 352 "-" "Mozilla/5.0 (compatible; Googlebot/2.1; +http://www.google.com/bot.html)greenwich&lewisham" shahsteelindustries.com 119.18.49.21
192.151.144.210 - - [15/Aug/2026:07:19:22 +0530] "GET //index.php/?params HTTP/2.0" 200 352 "-" "Mozilla/5.0 (compatible; Googlebot/2.1; +http://www.google.com/bot.html)greenwich&lewisham" shahsteelindustries.com 119.18.49.21
119.18.49.21 - - [15/Aug/2026:07:19:25 +0530] "POST /wp-cron.php?doing_wp_cron=1786758565.1340160369873046875000 HTTP/1.1" 200 - "-" "WordPress/7.0.4; https://shahsteelindustries.com" shahsteelindustries.com 119.18.49.21
192.151.144.210 - - [15/Aug/2026:07:19:22 +0530] "GET /favicon.ico HTTP/1.1" 302 - "https://shahsteelindustries.com//index.php/?params" "Mozilla/5.0 (compatible; Googlebot/2.1; +http://www.google.com/bot.html)greenwich&lewisham" shahsteelindustries.com 119.18.49.21
192.151.144.210 - - [15/Aug/2026:07:19:22 +0530] "GET /favicon.ico HTTP/2.0" 302 - "https://shahsteelindustries.com//index.php/?params" "Mozilla/5.0 (compatible; Googlebot/2.1; +http://www.google.com/bot.html)greenwich&lewisham" shahsteelindustries.com 119.18.49.21
192.151.144.210 - - [15/Aug/2026:07:19:26 +0530] "GET /index.php HTTP/1.1" 200 41346 "-" "Mozilla/5.0 (compatible; Googlebot/2.1; +http://www.google.com/bot.html)greenwich&lewisham" shahsteelindustries.com 119.18.49.21
192.151.144.210 - - [15/Aug/2026:07:19:26 +0530] "GET //index.php HTTP/2.0" 200 41346 "-" "Mozilla/5.0 (compatible; Googlebot/2.1; +http://www.google.com/bot.html)greenwich&lewisham" shahsteelindustries.com 119.18.49.21
40.77.167.8 - - [15/Aug/2026:07:52:56 +0530] "GET /sitemap.xml HTTP/1.1" 200 11952 "-" "Mozilla/5.0 AppleWebKit/537.36 (KHTML, like Gecko; compatible; bingbot/2.0; +http://www.bing.com/bingbot.htm) Chrome/116.0.1938.76 Safari/537.36" www.shahsteelindustries.com 119.18.49.21
40.77.167.8 - - [15/Aug/2026:07:52:56 +0530] "GET /sitemap.xml HTTP/2.0" 200 11952 "-" "Mozilla/5.0 AppleWebKit/537.36 (KHTML, like Gecko; compatible; bingbot/2.0; +http://www.bing.com/bingbot.htm) Chrome/116.0.1938.76 Safari/537.36" www.shahsteelindustries.com 119.18.49.21
119.18.49.21 - - [15/Aug/2026:07:55:07 +0530] "POST /wp-cron.php?doing_wp_cron=1786760707.5692760944366455078125 HTTP/1.1" 200 - "-" "WordPress/7.0.4; https://shahsteelindustries.com" shahsteelindustries.com 119.18.49.21
43.135.211.148 - - [15/Aug/2026:07:55:02 +0530] "GET / HTTP/1.1" 301 - "http://www.shahsteelindustries.com" "Mozilla/5.0 (iPhone; CPU iPhone OS 13_2_3 like Mac OS X) AppleWebKit/605.1.15 (KHTML, like Gecko) Version/13.0.3 Mobile/15E148 Safari/604.1" www.shahsteelindustries.com 119.18.49.21
43.135.211.148 - - [15/Aug/2026:07:55:02 +0530] "GET / HTTP/1.1" 301 - "http://www.shahsteelindustries.com" "Mozilla/5.0 (iPhone; CPU iPhone OS 13_2_3 like Mac OS X) AppleWebKit/605.1.15 (KHTML, like Gecko) Version/13.0.3 Mobile/15E148 Safari/604.1" www.shahsteelindustries.com 119.18.49.21
43.135.211.148 - - [15/Aug/2026:07:55:09 +0530] "GET / HTTP/1.1" 200 50774 "https://www.shahsteelindustries.com/" "Mozilla/5.0 (iPhone; CPU iPhone OS 13_2_3 like Mac OS X) AppleWebKit/605.1.15 (KHTML, like Gecko) Version/13.0.3 Mobile/15E148 Safari/604.1" shahsteelindustries.com 119.18.49.21
43.135.211.148 - - [15/Aug/2026:07:55:09 +0530] "GET / HTTP/1.1" 200 50774 "https://www.shahsteelindustries.com/" "Mozilla/5.0 (iPhone; CPU iPhone OS 13_2_3 like Mac OS X) AppleWebKit/605.1.15 (KHTML, like Gecko) Version/13.0.3 Mobile/15E148 Safari/604.1" shahsteelindustries.com 119.18.49.21
119.18.49.21 - - [15/Aug/2026:08:01:57 +0530] "POST /wp-cron.php?doing_wp_cron=1786761117.8014709949493408203125 HTTP/1.1" 200 - "-" "WordPress/7.0.4; https://shahsteelindustries.com" shahsteelindustries.com 119.18.49.21
162.14.109.170 - - [15/Aug/2026:08:01:56 +0530] "GET / HTTP/1.1" 301 - "http://www.shahsteelindustries.com" "Mozilla/5.0 (iPhone; CPU iPhone OS 13_2_3 like Mac OS X) AppleWebKit/605.1.15 (KHTML, like Gecko) Version/13.0.3 Mobile/15E148 Safari/604.1" www.shahsteelindustries.com 119.18.49.21
162.14.109.170 - - [15/Aug/2026:08:01:56 +0530] "GET / HTTP/1.1" 301 - "http://www.shahsteelindustries.com" "Mozilla/5.0 (iPhone; CPU iPhone OS 13_2_3 like Mac OS X) AppleWebKit/605.1.15 (KHTML, like Gecko) Version/13.0.3 Mobile/15E148 Safari/604.1" www.shahsteelindustries.com 119.18.49.21
162.14.109.170 - - [15/Aug/2026:08:02:00 +0530] "GET / HTTP/1.1" 200 50774 "https://www.shahsteelindustries.com/" "Mozilla/5.0 (iPhone; CPU iPhone OS 13_2_3 like Mac OS X) AppleWebKit/605.1.15 (KHTML, like Gecko) Version/13.0.3 Mobile/15E148 Safari/604.1" shahsteelindustries.com 119.18.49.21
162.14.109.170 - - [15/Aug/2026:08:02:00 +0530] "GET / HTTP/1.1" 200 50774 "https://www.shahsteelindustries.com/" "Mozilla/5.0 (iPhone; CPU iPhone OS 13_2_3 like Mac OS X) AppleWebKit/605.1.15 (KHTML, like Gecko) Version/13.0.3 Mobile/15E148 Safari/604.1" shahsteelindustries.com 119.18.49.21
119.18.49.21 - - [15/Aug/2026:08:14:57 +0530] "POST /wp-cron.php?doing_wp_cron=1786761896.9929089546203613281250 HTTP/1.1" 200 - "-" "WordPress/7.0.4; https://shahsteelindustries.com" shahsteelindustries.com 119.18.49.21
143.198.59.48 - - [15/Aug/2026:08:14:53 +0530] "GET / HTTP/1.1" 200 50774 "-" "Mozilla/5.0 (X11; Linux x86_64; rv:142.0) Gecko/20100101 Firefox/142.0" shahsteelindustries.com 119.18.49.21
143.198.59.48 - - [15/Aug/2026:08:14:53 +0530] "GET / HTTP/1.1" 200 50774 "-" "Mozilla/5.0 (X11; Linux x86_64; rv:142.0) Gecko/20100101 Firefox/142.0" shahsteelindustries.com 119.18.49.21
119.18.49.21 - - [15/Aug/2026:08:18:42 +0530] "POST /wp-cron.php?doing_wp_cron=1786762122.5957260131835937500000 HTTP/1.1" 200 - "-" "WordPress/7.0.4; https://shahsteelindustries.com" shahsteelindustries.com 119.18.49.21
2a06:98c0:3600::103 - - [15/Aug/2026:08:18:41 +0530] "GET /wp-admin/install.php?step=1 HTTP/2.0" 200 545 "-" "http://shahsteelindustries.com/wp-admin/install.php?step=1" shahsteelindustries.com 119.18.49.21
40.77.167.3 - - [15/Aug/2026:08:42:46 +0530] "GET /post-sitemap.xml HTTP/1.1" 200 12053 "-" "Mozilla/5.0 AppleWebKit/537.36 (KHTML, like Gecko; compatible; bingbot/2.0; +http://www.bing.com/bingbot.htm) Chrome/116.0.1938.76 Safari/537.36" shahsteelindustries.com 119.18.49.21
40.77.167.3 - - [15/Aug/2026:08:42:46 +0530] "GET /post-sitemap.xml HTTP/2.0" 200 12053 "-" "Mozilla/5.0 AppleWebKit/537.36 (KHTML, like Gecko; compatible; bingbot/2.0; +http://www.bing.com/bingbot.htm) Chrome/116.0.1938.76 Safari/537.36" shahsteelindustries.com 119.18.49.21
119.18.49.21 - - [15/Aug/2026:08:46:03 +0530] "POST /wp-cron.php?doing_wp_cron=1786763763.7069718837738037109375 HTTP/1.1" 200 - "-" "WordPress/7.0.4; https://shahsteelindustries.com" shahsteelindustries.com 119.18.49.21
2a06:98c0:3600::103 - - [15/Aug/2026:08:46:02 +0530] "GET /wp-admin/install.php?step=1 HTTP/2.0" 200 545 "-" "http://shahsteelindustries.com/wp-admin/install.php?step=1" shahsteelindustries.com 119.18.49.21
40.77.167.3 - - [15/Aug/2026:08:50:46 +0530] "GET /sitemap_index.xml HTTP/1.1" 200 12029 "-" "Mozilla/5.0 AppleWebKit/537.36 (KHTML, like Gecko; compatible; bingbot/2.0; +http://www.bing.com/bingbot.htm) Chrome/116.0.1938.76 Safari/537.36" shahsteelindustries.com 119.18.49.21
40.77.167.3 - - [15/Aug/2026:08:50:46 +0530] "GET /sitemap_index.xml HTTP/2.0" 200 12029 "-" "Mozilla/5.0 AppleWebKit/537.36 (KHTML, like Gecko; compatible; bingbot/2.0; +http://www.bing.com/bingbot.htm) Chrome/116.0.1938.76 Safari/537.36" shahsteelindustries.com 119.18.49.21
52.167.144.172 - - [15/Aug/2026:08:56:02 +0530] "GET /sitemap.xml HTTP/1.1" 200 12044 "-" "Mozilla/5.0 AppleWebKit/537.36 (KHTML, like Gecko; compatible; bingbot/2.0; +http://www.bing.com/bingbot.htm) Chrome/116.0.1938.76 Safari/537.36" shahsteelindustries.com 119.18.49.21
52.167.144.172 - - [15/Aug/2026:08:56:02 +0530] "GET /sitemap.xml HTTP/2.0" 200 12044 "-" "Mozilla/5.0 AppleWebKit/537.36 (KHTML, like Gecko; compatible; bingbot/2.0; +http://www.bing.com/bingbot.htm) Chrome/116.0.1938.76 Safari/537.36" shahsteelindustries.com 119.18.49.21
119.18.49.21 - - [15/Aug/2026:09:02:07 +0530] "POST /wp-cron.php?doing_wp_cron=1786764727.0883989334106445312500 HTTP/1.1" 200 - "-" "WordPress/7.0.4; https://shahsteelindustries.com" shahsteelindustries.com 119.18.49.21
141.51.110.129 - - [15/Aug/2026:09:02:02 +0530] "GET / HTTP/1.1" 301 - "-" "Mozilla/5.0 (Windows NT 10.0; Win64; x64) AppleWebKit/537.36 (KHTML, like Gecko) Chrome/144.0.0.0 Safari/537.36" www.shahsteelindustries.com 119.18.49.21
141.51.110.129 - - [15/Aug/2026:09:02:02 +0530] "GET / HTTP/2.0" 301 - "-" "Mozilla/5.0 (Windows NT 10.0; Win64; x64) AppleWebKit/537.36 (KHTML, like Gecko) Chrome/144.0.0.0 Safari/537.36" www.shahsteelindustries.com 119.18.49.21
141.51.110.129 - - [15/Aug/2026:09:02:02 +0530] "GET / HTTP/1.1" 200 50774 "-" "Mozilla/5.0 (Windows NT 10.0; Win64; x64) AppleWebKit/537.36 (KHTML, like Gecko) Chrome/144.0.0.0 Safari/537.36" shahsteelindustries.com 119.18.49.21
141.51.110.129 - - [15/Aug/2026:09:02:02 +0530] "GET / HTTP/2.0" 200 50774 "-" "Mozilla/5.0 (Windows NT 10.0; Win64; x64) AppleWebKit/537.36 (KHTML, like Gecko) Chrome/144.0.0.0 Safari/537.36" shahsteelindustries.com 119.18.49.21
141.51.110.129 - - [15/Aug/2026:09:02:08 +0530] "GET / HTTP/2.0" 200 50774 "https://www.shahsteelindustries.com/" "Mozilla/5.0 (Windows NT 10.0; Win64; x64) AppleWebKit/537.36 (KHTML, like Gecko) Chrome/144.0.0.0 Safari/537.36" shahsteelindustries.com 119.18.49.21
192.151.144.210 - - [15/Aug/2026:09:24:18 +0530] "GET /index.php/?params HTTP/1.1" 200 352 "-" "Mozilla/5.0 (compatible; Googlebot/2.1; +http://www.google.com/bot.html)greenwich&lewisham" shahsteelindustries.com 119.18.49.21
192.151.144.210 - - [15/Aug/2026:09:24:18 +0530] "GET /index.php/?params HTTP/2.0" 200 352 "-" "Mozilla/5.0 (compatible; Googlebot/2.1; +http://www.google.com/bot.html)greenwich&lewisham" shahsteelindustries.com 119.18.49.21
119.18.49.21 - - [15/Aug/2026:09:24:23 +0530] "POST /wp-cron.php?doing_wp_cron=1786766063.4867730140686035156250 HTTP/1.1" 200 - "-" "WordPress/7.0.4; https://shahsteelindustries.com" shahsteelindustries.com 119.18.49.21
192.151.144.210 - - [15/Aug/2026:09:24:20 +0530] "GET /favicon.ico HTTP/1.1" 302 - "https://shahsteelindustries.com/index.php/?params" "Mozilla/5.0 (compatible; Googlebot/2.1; +http://www.google.com/bot.html)greenwich&lewisham" shahsteelindustries.com 119.18.49.21
192.151.144.210 - - [15/Aug/2026:09:24:20 +0530] "GET /favicon.ico HTTP/2.0" 302 - "https://shahsteelindustries.com/index.php/?params" "Mozilla/5.0 (compatible; Googlebot/2.1; +http://www.google.com/bot.html)greenwich&lewisham" shahsteelindustries.com 119.18.49.21

LittleDemon - FACEBOOK
[ KELUAR ]